j) = j**2 + 2. Let v be (2 + 1)/(21/(-28)). Let r(g) = -g**2 - 9*g - 16. Let a be r(v). Give q(a).
18
Let p = 2 - 6. Let w(n) = 38 + 28 - 60 + n**2 + 5*n - n. Determine w(p).
6
Suppose 24*j + 4 = 25*j, 2*j + 8 = -4*l. Let d be 0 - 10*(-3)/6. Let s(p) = -p + p + d*p + 6 - 3*p. What is s(l)?
-2
Let n(p) = -13*p + 3*p - 6 + p + 7*p + 0. Give n(-11).
16
Let t(q) = -2*q**3 + 5*q**2 + 22*q - 8. Let f(n) = -6*n**3 + 15*n**2 + 61*n - 24. Let o(m) = -4*f(m) + 11*t(m). What is o(2)?
0
Let a(j) = j**3 - 2*j**2 + j. Let r be a(1). Suppose 6*h - 8*h + 18 = r. Let l(o) = -4*o**2 + 9 - 4*o**2 - o**3 + h*o**2 + 4 + o. Determine l(0).
13
Let n be (-28 + -7)*2/5. Let a be (-64)/n + 4/(-7). Let r(v) = -3*v + 1. Let l(z) = -4*z + 2. Let q(s) = 2*l(s) - 3*r(s). What is q(a)?
5
Let n(l) = -6*l**2 + 39*l - 15. Let o be (-60)/(-8) - (-156)/(-104). What is n(o)?
3
Let g(r) = 5*r + 34. Suppose -126*j + 221 - 262 = 337. What is g(j)?
19
Let j(y) be the first derivative of -9*y**2/2 + 13*y + 1465. What is j(2)?
-5
Let w(h) = h**3 - 6*h**2 + 3*h + 19. Let n(s) = 579*s + 2321. Let z be n(-4). Calculate w(z).
9
Suppose 3*s + 2*a = -9, -7*a - 63 = 3*s - 11*a. Let x(v) = -38*v - 353. Calculate x(s).
-11
Suppose -25*t + 609 = -54*t. Suppose 9 + 96 = -5*m. Let z = t - m. Let w(i) = -i - 11. Determine w(z).
-11
Let f be -27 - -30 - 1*4. Let g be ((-1)/(-5))/(f/(-25)). Suppose g*c + t = -16 - 5, -2*t + 6 = -2*c. Let w(d) = 5*d + 1. What is w(c)?
-19
Let r be (-25)/5*1 - 5. Let s(k) = 2*k + 26. Let f be s(r). Suppose -f*i = -i. Let j(x) = x + 2. What is j(i)?
2
Let p(a) = -315*a**2 - 1 - 304*a**2 + 618*a**2 + 5. Let y(j) = j**2 - 5*j. Let t be y(6). Suppose 0 = t*o - 11*o. What is p(o)?
4
Let o = 57990 - 57985. Let j(x) = -3*x. Let s be j(-1). Let v(d) = d**2 + d - s*d + 0*d - 4*d. Give v(o).
-5
Let z = -211324 + 211325. Let d(q) = 5*q**3 + 3*q**2 - q + 1. Let x(o) = -6*o**3 - 4*o**2 + o - 1. Let a(p) = 3*d(p) + 2*x(p). Calculate a(z).
4
Let a = 28764 - 28759. Let x(o) be the second derivative of -o**5/20 + 5*o**4/12 + 2*o**2 + 3*o. Calculate x(a).
4
Let v(i) be the third derivative of 5/24*i**4 + 0 - 1/60*i**5 + 0*i - 46*i**2 - 2/3*i**3. Calculate v(8).
-28
Let j(d) = -8*d**2 - 6*d + 5. Let k(y) = -5*y**2 - 5*y + 4. Suppose x - 23 = 4*c - 6, 0 = -5*c - 2*x - 5. Let p(q) = c*k(q) + 2*j(q). Give p(4).
-6
Suppose t - 96 = -11*t. Let p(q) be the second derivative of q**5/20 - 7*q**4/12 - 7*q**3/6 - 3*q**2 - 98*q. Give p(t).
2
Let w(g) = 906*g**2 + 8*g - 9. Let h be w(2). Let y(u) = 3*u + 3624*u**2 - h*u**2 + 4*u + u**3 + 3. Give y(6).
9
Suppose 4*s = 3*y + 187 + 39, -2*y = -5*s + 153. Let r = y + 73. Let g(b) = 0*b**2 - 2*b**2 + 2*b + 3 + 0*b**2 - 2. Determine g(r).
-3
Let m(u) be the third derivative of -1/6*u**4 + 0 + 1/2*u**3 - 2*u - 25*u**2. Give m(1).
-1
Let b(g) = 159*g - 651. Let r(z) = -94*z + 649. Let y(t) = 2*b(t) + 3*r(t). What is y(-18)?
-3
Let y(t) = 7*t**3 - 9*t**2 + 8*t - 2. Let a(r) = 8*r**3 - 10*r**2 + 9*r - 2. Let b(f) = -6*a(f) + 7*y(f). Suppose 150*i - 55370 = -54920. What is b(i)?
4
Let f be (-10)/(-2) - 216/(-18). Let s(o) = 1310*o**2 - 1311*o**2 + 12*o - f - 5. Calculate s(9).
5
Let g(r) be the first derivative of -6*r + 10 - 7/2*r**2 - 1/3*r**3. What is g(-7)?
-6
Suppose 9*r - 709 = 254. Let f = r + -107. Let u(h) = h**3 + h**2 - h + 1. Determine u(f).
1
Let j(q) = 2*q**3 + 51*q**2 - 26*q + 7. Let b be j(-26). Suppose -k + 3*s = b, k = 5*k - 2*s - 12. Let t(h) = h**3 - 5*h**2 + h + 3. Calculate t(k).
8
Let q(f) be the third derivative of 7*f**4/24 + 25*f**3/6 + 692*f**2. Give q(-5).
-10
Let b(i) = -i**2 - 24. Suppose -25*z = -46*z + 105. Let r be (-5)/55*0*1/z. What is b(r)?
-24
Let n = 30798 + -30833. Let t(m) = 6*m**2 + 209*m - 29. What is t(n)?
6
Let t = -30 - -15. Let n be (-2)/4 - t/2. Let i(b) = -4*b + 22. Let w be i(n). Let p(r) = -r**2 - 6*r - 7. Calculate p(w).
-7
Let a(s) = -11*s**3 + 27*s**2 - 10*s - 12. Let c(f) = -27*f**3 + 58*f**2 - 18*f - 25. Let q(k) = -5*a(k) + 2*c(k). What is q(18)?
-62
Let p(i) = 4*i + 16. Let n(z) be the second derivative of 5*z**3/6 + 17*z**2/2 - 95*z. Let w(k) = 3*n(k) - 4*p(k). Give w(0).
-13
Let y(h) = 2*h**2 - 5*h + 1. Let m(w) = -16*w - 44. Let p be m(-3). Calculate y(p).
13
Let u = 228393 + -228393. Let y(h) = 14*h**3 + 17*h**2 - 14*h + 50. Let z(o) = -5*o**3 - 6*o**2 + 5*o - 17. Let w(c) = -6*y(c) - 17*z(c). Calculate w(u).
-11
Suppose -2*m - 4 = -c + 4, -2*m = 2*c - 10. Let y be (-1)/1 - (17 - 23). Let k(d) = -4 + 0 - y*d + c + d**2 - 1. What is k(5)?
1
Let a(i) = i**3 + 42*i**2 + 7. Let o be a(-42). Let n(h) = -37*h**2 + 47*h - 21. Let z(v) = -13*v**2 + 16*v - 7. Let x(c) = -6*n(c) + 17*z(c). Calculate x(o).
-14
Let z(c) = 27*c - 78. Let i be z(3). Let y(p) be the second derivative of p - 2/3*p**3 - 1/20*p**5 + 3/2*p**2 + 0 + 1/3*p**4. Calculate y(i).
0
Let p(j) be the first derivative of -j**2 - 16*j - 3026. What is p(5)?
-26
Suppose -4*z + 10*c = 11*c + 4, -5*z - 40 = 10*c. Let h(t) = -4*t**2 + t + 34. Give h(z).
34
Let h(i) be the second derivative of i**5/20 - i**4/12 - i**3/6 + 5*i**2 + 59268*i. Suppose 0*n + 3*n - 3 = 0. Let a = n - 1. Determine h(a).
10
Let r(u) = -u + 10*u**2 - 8*u - 60 + 74 + u**3. Suppose -10*a = -2*q - 62, -2*q = 4*a - 30 + 36. What is r(q)?
-8
Let m(s) = -93*s - 1265. Let u be m(-14). Let b(p) = p**2 - 37*p - 7. Determine b(u).
-7
Let m(r) = -r - 16. Let w = 983 + -977. Give m(w).
-22
Let x be -1 + (-272)/5 - (-70)/175. Let h = 50 + x. Let q be 2/h + (-22)/(-5). Let d(u) = u**3 - 5*u**2 + 2*u - 1. Calculate d(q).
-9
Suppose 2*a = -3*o, 5*a + 57 = 2*o + 76. Let d(r) = -16*r - 4. Let p(w) = 4*w + 1. Let q(n) = -6*d(n) - 26*p(n). Determine q(o).
14
Let b(n) = n + 17. Let d be (-144)/2 - 0*7/(-49). Let p be (-8 - -3)*62/5. Let x = d - p. Give b(x).
7
Let z(l) = -l**3 + 3*l**2 + 3*l - 2. Let f = 195 - 189. Suppose 0 = -f*o + 6 + 12. Determine z(o).
7
Let y(f) be the third derivative of -f**6/90 + f**5/60 - 3*f**4/4 + 30*f**2. Let n(l) be the second derivative of y(l). What is n(-2)?
18
Let q(l) = -18*l - 35*l - 3*l**2 + 23*l**2 + 11 - 23*l**2. Calculate q(-18).
-7
Let a(w) be the second derivative of -w**3/6 + 29*w**2/2 - 1394*w. Determine a(13).
16
Let m(z) = 3 + 12*z**2 + 20*z**2 - 43*z**2 - 6 + 10*z**2 - 11*z. Let o = -7 - -2. What is m(o)?
27
Let z(o) = -o + 2. Let f = 34 - 45. Let j = f - -36. Suppose -j = 5*i, -6*c + 2*c = 4*i - 8. Determine z(c).
-5
Let t(o) = -o**2 - 5*o + 2. Let y be t(-5). Let m = y - -3. Suppose -39 = 5*l + 4*w - 6*w, -m*w + 10 = 0. Let k(c) = c**3 + 7*c**2 - 2*c - 10. Give k(l).
4
Let b(m) = -m**3 - 8*m**2 + 9*m - 15. Let u(c) = -36*c**3 + 15*c**2 + 6*c**3 - 17*c + 31 + 33*c**3. Let q(s) = -5*b(s) - 2*u(s). Give q(9).
-5
Let l(f) = -17 + 46 + 33*f - 24. Let i be l(2). Let o(x) = -72*x**3 - x**2 - 2*x + 3*x + 1 + i*x**3 - 5. Determine o(-3).
11
Suppose 2*h = -3*h + 30. Suppose 0 = 23*i - 432 - 51. Let s(a) = -a - 53 - i + 88. Give s(h).
8
Let w(n) = 25*n**2 - 82*n + 40. Let v(g) = 11*g**2 - 38*g + 20. Let j(l) = -9*v(l) + 4*w(l). Calculate j(-13).
-33
Let d(n) = -116*n + 48. Let z(j) = -17*j + 7. Let p(l) = -3*d(l) + 20*z(l). Determine p(0).
-4
Let s(o) = 2*o - 1. Let m = -60 + 63. Suppose -3 = -m*r - 0*r. Suppose -2*i + r = -11. Calculate s(i).
11
Let z(q) = -25*q - 510. Let p(k) = -31*k - 518. Let r(w) = 10*p(w) - 9*z(w). Determine r(-7).
5
Let a = 279 + -246. Let n(d) = 28 + 30*d - 5 - a*d. Give n(7).
2
Let h(b) = b**2 - 2*b + 4. Let a = 8562 + -8565. Calculate h(a).
19
Suppose -6*t + 26 = -28. Let p(l) = -4 + 16*l**2 + 10*l + 23*l**2 - 65*l**2 + 10*l**2 + 15*l**2. Give p(t).
5
Let w(d) = d + 22. Let q be w(-15). Let k(z) = 6*z - 30*z + 10 + q*z + 8*z - z**2. Determine k(-10).
0
Let s(j) = 3*j - 2 - 2*j**2 + 2. Let b be 1*1/((100 + -99)*2/6). Calculate s(b).
-9
Let z(h) = -16*h - 5. Let l be z(-1). Let i(r) = 5 + l*r - 10*r - 19. Give i(5).
-9
Let y be (3/5)/((-341)/15345). Let x(j) = j**2 + 27*j - 50. Calculate x(y).
-50
Let y(o) be the third derivative of o**5/60 + o**4/12 - 7*o**3/2 - o**2 - 769*o. Give y(-7).
14
Let z(x) be the third derivative of x**6/120 + x**5/10 + x**4/8 - x**3/3 + x**2. Suppose 11*h - 210 = 5*h. Suppose -88*m + h = -95*m. What is z(m)?
8
Let p(c) = -244*c - 1. Let z be p(1). Let r = z - -246. Let h(v) = -23*v**2 + 2*v - 1. Give h